{"id":16,"date":"2017-12-19T14:17:58","date_gmt":"2017-12-19T14:17:58","guid":{"rendered":"http:\/\/fassbender-sunbird-reisen.de\/?page_id=16"},"modified":"2021-04-22T11:52:10","modified_gmt":"2021-04-22T11:52:10","slug":"ueber-uns","status":"publish","type":"page","link":"http:\/\/fassbender-sunbird-reisen.de\/?page_id=16","title":{"rendered":"\u00dcber uns"},"content":{"rendered":"<pre><span style=\"color: black;\"><strong>Unser Unternehmen wird bereits in der dritten Generation gef\u00fchrt.<\/strong>\n\nBegonnen hat der Gro\u00dfvater, Niklas Wolber, mit Pferd und Wagen als Fuhrunternehmer. <\/span>\n\n<span style=\"color: black;\">Dann erweiterte er den Betrieb auf Personenbef\u00f6rderung mit Kutsche von Mehlem durch <\/span><span style=\"color: black;\">das L\u00e4ndchen nach Berkum.  <\/span><span style=\"color: black;\">  \nIn der weiteren Entwicklung gab es keinen Stillstand, und bald stand der erste Omnibus vor der T\u00fcr.  1957 ging der Betrieb in der zweiten Generation in die H\u00e4nde von Schwiegersohn Josef Fassbender \u00fcber. Dieser erweiterte das Spektrum um den Reiseverkehr. Der Linienbusverkehr Mehlem-Berkum-Mehlem wurde weiter ausgebaut. Hans Dieter Fa\u00dfbender, unterst\u00fctzte seinen Vater beim weiteren Ausbau des Unternehmens zum Reisebusunternehmen, welches von 1975 bis 2006 durch ihn gef\u00fchrt wurde. Seit Januar 2007 wird das Unternehmen von Gerda Schulte gef\u00fchrt. Au\u00dfer mit dem Bus bef\u00f6rdern wir Sie auch gerne mit dem Kleinbus(Mercedes Vito 8 Sitzpl\u00e4tze) durch das ganze Rheinland, auch gern dar\u00fcber hinaus.\n<\/span><\/pre>\n\n\n<div class=\"wp-block-group\"><div class=\"wp-block-group__inner-container is-layout-flow wp-block-group-is-layout-flow\">\n<figure class=\"wp-block-gallery columns-2 is-cropped wp-block-gallery-1 is-layout-flex wp-block-gallery-is-layout-flex\"><ul class=\"blocks-gallery-grid\"><li class=\"blocks-gallery-item\"><figure><img loading=\"lazy\" decoding=\"async\" width=\"300\" height=\"216\" src=\"http:\/\/fassbender-sunbird-reisen.de\/wp-content\/uploads\/2017\/12\/bild3.jpg\" alt=\"\" data-id=\"40\" data-full-url=\"http:\/\/fassbender-sunbird-reisen.de\/wp-content\/uploads\/2017\/12\/bild3.jpg\" data-link=\"http:\/\/fassbender-sunbird-reisen.de\/?attachment_id=40\" class=\"wp-image-40\"\/><figcaption class=\"blocks-gallery-item__caption\">Die gute alte Zeit \ud83d\ude42<\/figcaption><\/figure><\/li><li class=\"blocks-gallery-item\"><figure><img loading=\"lazy\" decoding=\"async\" width=\"300\" height=\"220\" src=\"http:\/\/fassbender-sunbird-reisen.de\/wp-content\/uploads\/2017\/12\/bild2.jpg\" alt=\"\" data-id=\"39\" data-full-url=\"http:\/\/fassbender-sunbird-reisen.de\/wp-content\/uploads\/2017\/12\/bild2.jpg\" data-link=\"http:\/\/fassbender-sunbird-reisen.de\/?attachment_id=39\" class=\"wp-image-39\"\/><figcaption class=\"blocks-gallery-item__caption\">Es war einmal&#8230;<\/figcaption><\/figure><\/li><\/ul><\/figure>\n<\/div><\/div>\n\n\n\n<p><\/p>\n","protected":false},"excerpt":{"rendered":"<p>Unser Unternehmen wird bereits in der dritten Generation gef\u00fchrt. Begonnen hat der Gro\u00dfvater, Niklas Wolber, mit Pferd und Wagen als Fuhrunternehmer. Dann erweiterte er den Betrieb auf Personenbef\u00f6rderung mit Kutsche &#8230;<\/p>\n","protected":false},"author":1,"featured_media":0,"parent":0,"menu_order":0,"comment_status":"closed","ping_status":"closed","template":"","meta":{"footnotes":""},"class_list":["post-16","page","type-page","status-publish","hentry"],"_links":{"self":[{"href":"http:\/\/fassbender-sunbird-reisen.de\/index.php?rest_route=\/wp\/v2\/pages\/16","targetHints":{"allow":["GET"]}}],"collection":[{"href":"http:\/\/fassbender-sunbird-reisen.de\/index.php?rest_route=\/wp\/v2\/pages"}],"about":[{"href":"http:\/\/fassbender-sunbird-reisen.de\/index.php?rest_route=\/wp\/v2\/types\/page"}],"author":[{"embeddable":true,"href":"http:\/\/fassbender-sunbird-reisen.de\/index.php?rest_route=\/wp\/v2\/users\/1"}],"replies":[{"embeddable":true,"href":"http:\/\/fassbender-sunbird-reisen.de\/index.php?rest_route=%2Fwp%2Fv2%2Fcomments&post=16"}],"version-history":[{"count":23,"href":"http:\/\/fassbender-sunbird-reisen.de\/index.php?rest_route=\/wp\/v2\/pages\/16\/revisions"}],"predecessor-version":[{"id":391,"href":"http:\/\/fassbender-sunbird-reisen.de\/index.php?rest_route=\/wp\/v2\/pages\/16\/revisions\/391"}],"wp:attachment":[{"href":"http:\/\/fassbender-sunbird-reisen.de\/index.php?rest_route=%2Fwp%2Fv2%2Fmedia&parent=16"}],"curies":[{"name":"wp","href":"https:\/\/api.w.org\/{rel}","templated":true}]}}